{"id":573,"date":"2025-09-15T14:19:51","date_gmt":"2025-09-15T14:19:51","guid":{"rendered":"https:\/\/izdelki.zora-aurora.com\/?page_id=573"},"modified":"2025-09-15T14:19:51","modified_gmt":"2025-09-15T14:19:51","slug":"hematit","status":"publish","type":"page","link":"https:\/\/izdelki.zora-aurora.com\/?page_id=573","title":{"rendered":"Hematit"},"content":{"rendered":"\n<p><strong>Prebujanje stabilnosti in notranje mo\u010di<\/strong><br>Hematit je kamen trdnosti in zemeljske za\u0161\u010dite. Vsebuje vibracijo mo\u010dne povezave z zemljo, talno energijo, ki stabilizira in varuje pred zunanjimi vplivi. Pomaga uravnote\u017eiti um in telo, prina\u0161a jasnost in \u010dustveno izdatnost brez pretirane ob\u010dutljivosti. Z njegovo pomo\u010djo se la\u017eje odlo\u010di\u0161, ko so misli razpr\u0161ene, in ostane\u0161 trden v svojih prepri\u010danjih.<\/p>\n\n\n\n<figure class=\"wp-block-image size-full\"><img loading=\"lazy\" decoding=\"async\" width=\"632\" height=\"628\" src=\"https:\/\/izdelki.zora-aurora.com\/wp-content\/uploads\/2025\/09\/hematit1.jpg\" alt=\"\" class=\"wp-image-575\" srcset=\"https:\/\/izdelki.zora-aurora.com\/wp-content\/uploads\/2025\/09\/hematit1.jpg 632w, https:\/\/izdelki.zora-aurora.com\/wp-content\/uploads\/2025\/09\/hematit1-300x298.jpg 300w, https:\/\/izdelki.zora-aurora.com\/wp-content\/uploads\/2025\/09\/hematit1-150x150.jpg 150w\" sizes=\"auto, (max-width: 632px) 100vw, 632px\" \/><figcaption class=\"wp-element-caption\">Nebru\u0161en hematit, vir: Mindat.org<\/figcaption><\/figure>\n\n\n\n<h3 class=\"wp-block-heading\">Vpliv na telo<\/h3>\n\n\n\n<ul class=\"wp-block-list\">\n<li>Spodbuja cirkulacijo krvi in pomaga pri stabiliziranju krvnega tlaka.<\/li>\n\n\n\n<li>Podpira zdravje jeter, ledvic in \u017eiv\u010dnega sistema.<\/li>\n\n\n\n<li>Uporablja se lahko za laj\u0161anje bole\u010din, zlasti tistih, ki izvirajo iz stresa, napetosti mi\u0161ic ali nesoglasij v telesni dr\u017ei.<\/li>\n\n\n\n<li>Krepi vitalnost in odpor proti vsakodnevnim izzivom utrujenosti.<\/li>\n<\/ul>\n\n\n\n<h3 class=\"wp-block-heading\">Vpliv na \u010dustva<\/h3>\n\n\n\n<ul class=\"wp-block-list\">\n<li>Pomaga zmanj\u0161ati strah in ob\u010dutek tesnobe, kadar so misli raztan\u010dene ali preobremenjene.<\/li>\n\n\n\n<li>Ume\u0161\u010da tvoje \u010dustvene energije nazaj v sredi\u0161\u010de, ko se zdi, da si izgubljen\/a zaradi zunanje pritiske ali nepredvidljivih okoli\u0161\u010din.<\/li>\n\n\n\n<li>Spodbuja notranjo samozavest, prevzem odgovornosti in zavedanje svojih meja ter mo\u010di.<\/li>\n<\/ul>\n\n\n\n<h3 class=\"wp-block-heading\">Vpliv na du\u0161o<\/h3>\n\n\n\n<ul class=\"wp-block-list\">\n<li>Uporablja se kot talisman za\u0161\u010dite \u2014 \u0161\u010diti pred negativnimi ali ne\u017eelenimi energijami, predsodki ali manipulacijami.<\/li>\n\n\n\n<li>Pove\u010duje zavedanje svojega poslanstva in pomaga ostati zvesta svoji poti.<\/li>\n\n\n\n<li>V meditaciji omogo\u010da globoko prizemljitev, da se duhovni vpogledi lahko materializirajo in se uporabijo v vsakdanjem \u017eivljenju.<\/li>\n\n\n\n<li>Hematit deluje kot \u201cmost\u201d med duhovnim in fizi\u010dnim, pomaga prena\u0161ati energijo vise\u010dih vizij v konkretna dejanja.<\/li>\n<\/ul>\n\n\n\n<figure class=\"wp-block-image size-full\"><img loading=\"lazy\" decoding=\"async\" width=\"600\" height=\"600\" src=\"https:\/\/izdelki.zora-aurora.com\/wp-content\/uploads\/2025\/09\/hematit2.webp\" alt=\"\" class=\"wp-image-576\" srcset=\"https:\/\/izdelki.zora-aurora.com\/wp-content\/uploads\/2025\/09\/hematit2.webp 600w, https:\/\/izdelki.zora-aurora.com\/wp-content\/uploads\/2025\/09\/hematit2-300x300.webp 300w, https:\/\/izdelki.zora-aurora.com\/wp-content\/uploads\/2025\/09\/hematit2-150x150.webp 150w\" sizes=\"auto, (max-width: 600px) 100vw, 600px\" \/><figcaption class=\"wp-element-caption\">Bru\u0161en hematit, vir: Taos Rockers<\/figcaption><\/figure>\n\n\n\n<p><\/p>\n","protected":false},"excerpt":{"rendered":"<p>Prebujanje stabilnosti in notranje mo\u010diHematit je kamen trdnosti in zemeljske za\u0161\u010dite. Vsebuje vibracijo mo\u010dne povezave z zemljo, talno energijo, ki stabilizira in varuje pred zunanjimi vplivi. Pomaga uravnote\u017eiti um in telo, prina\u0161a jasnost in \u010dustveno izdatnost brez pretirane ob\u010dutljivosti. Z njegovo pomo\u010djo se la\u017eje odlo\u010di\u0161, ko so misli razpr\u0161ene, in ostane\u0161 trden v svojih prepri\u010danjih. [&hellip;]<\/p>\n","protected":false},"author":1,"featured_media":0,"parent":0,"menu_order":0,"comment_status":"closed","ping_status":"closed","template":"","meta":{"om_disable_all_campaigns":false,"_monsterinsights_skip_tracking":false,"_monsterinsights_sitenote_active":false,"_monsterinsights_sitenote_note":"","_monsterinsights_sitenote_category":0,"footnotes":""},"class_list":["post-573","page","type-page","status-publish","hentry"],"jetpack_sharing_enabled":true,"_links":{"self":[{"href":"https:\/\/izdelki.zora-aurora.com\/index.php?rest_route=\/wp\/v2\/pages\/573","targetHints":{"allow":["GET"]}}],"collection":[{"href":"https:\/\/izdelki.zora-aurora.com\/index.php?rest_route=\/wp\/v2\/pages"}],"about":[{"href":"https:\/\/izdelki.zora-aurora.com\/index.php?rest_route=\/wp\/v2\/types\/page"}],"author":[{"embeddable":true,"href":"https:\/\/izdelki.zora-aurora.com\/index.php?rest_route=\/wp\/v2\/users\/1"}],"replies":[{"embeddable":true,"href":"https:\/\/izdelki.zora-aurora.com\/index.php?rest_route=%2Fwp%2Fv2%2Fcomments&post=573"}],"version-history":[{"count":1,"href":"https:\/\/izdelki.zora-aurora.com\/index.php?rest_route=\/wp\/v2\/pages\/573\/revisions"}],"predecessor-version":[{"id":577,"href":"https:\/\/izdelki.zora-aurora.com\/index.php?rest_route=\/wp\/v2\/pages\/573\/revisions\/577"}],"wp:attachment":[{"href":"https:\/\/izdelki.zora-aurora.com\/index.php?rest_route=%2Fwp%2Fv2%2Fmedia&parent=573"}],"curies":[{"name":"wp","href":"https:\/\/api.w.org\/{rel}","templated":true}]}}