{"id":567,"date":"2025-09-15T15:12:30","date_gmt":"2025-09-15T15:12:30","guid":{"rendered":"https:\/\/izdelki.zora-aurora.com\/?page_id=567"},"modified":"2025-09-15T15:12:30","modified_gmt":"2025-09-15T15:12:30","slug":"sodalit","status":"publish","type":"page","link":"https:\/\/izdelki.zora-aurora.com\/?page_id=567","title":{"rendered":"Sodalit"},"content":{"rendered":"\n<p><strong>Intuicija, jasno razmi\u0161ljanje in notranja resnica<\/strong><br>Sodalit je kamen modrosti, intuicije in notranje resnice. Njegova globoko modra barva s subtilnimi belimi \u017eilami prina\u0161a ob\u010dutek jasnosti, koncentracije in notranje discipline. Sodalit pomaga uravnavati misli, izbolj\u0161uje komunikacijo in spodbuja iskrenost do sebe in drugih.<\/p>\n\n\n\n<figure class=\"wp-block-image size-large\"><img loading=\"lazy\" decoding=\"async\" width=\"1024\" height=\"683\" src=\"https:\/\/izdelki.zora-aurora.com\/wp-content\/uploads\/2025\/09\/sodalit1-1024x683.jpg\" alt=\"\" class=\"wp-image-604\" srcset=\"https:\/\/izdelki.zora-aurora.com\/wp-content\/uploads\/2025\/09\/sodalit1-1024x683.jpg 1024w, https:\/\/izdelki.zora-aurora.com\/wp-content\/uploads\/2025\/09\/sodalit1-300x200.jpg 300w, https:\/\/izdelki.zora-aurora.com\/wp-content\/uploads\/2025\/09\/sodalit1-768x512.jpg 768w, https:\/\/izdelki.zora-aurora.com\/wp-content\/uploads\/2025\/09\/sodalit1-1536x1024.jpg 1536w, https:\/\/izdelki.zora-aurora.com\/wp-content\/uploads\/2025\/09\/sodalit1.jpg 2048w\" sizes=\"auto, (max-width: 1024px) 100vw, 1024px\" \/><figcaption class=\"wp-element-caption\">Nebru\u0161en sodalit, vir: thecrystalcouncil.com<\/figcaption><\/figure>\n\n\n\n<h3 class=\"wp-block-heading\">Vpliv na telo<\/h3>\n\n\n\n<ul class=\"wp-block-list\">\n<li>Podpira delovanje \u017eiv\u010dnega sistema in mo\u017eganov.<\/li>\n\n\n\n<li>Spodbuja ravnovesje hormona in izbolj\u0161uje metabolizem.<\/li>\n\n\n\n<li>Pomaga pri te\u017eavah z grlom in \u0161\u010ditnico.<\/li>\n\n\n\n<li>Krepi energijo telesa ter zmanj\u0161uje utrujenost in stres.<\/li>\n<\/ul>\n\n\n\n<h3 class=\"wp-block-heading\">Vpliv na \u010dustva<\/h3>\n\n\n\n<ul class=\"wp-block-list\">\n<li>Pomirja nemir in tesnobo.<\/li>\n\n\n\n<li>Spodbuja notranjo samozavest, logi\u010dno razmi\u0161ljanje in jasnost misli.<\/li>\n\n\n\n<li>Pove\u010duje sposobnost introspektive in samospoznavanja.<\/li>\n\n\n\n<li>Omogo\u010da iskreno komunikacijo in izra\u017eanje \u010dustev.<\/li>\n<\/ul>\n\n\n\n<h3 class=\"wp-block-heading\">Vpliv na du\u0161o<\/h3>\n\n\n\n<ul class=\"wp-block-list\">\n<li>Krepi intuicijo in povezavo z vi\u0161jimi ravnmi zavedanja.<\/li>\n\n\n\n<li>Spodbuja duhovno rast, samospoznavanje in notranjo resnico.<\/li>\n\n\n\n<li>Sodalit deluje kot kamen notranje modrosti in uravnote\u017eenja.<\/li>\n\n\n\n<li>Pomaga razjasniti \u017eivljenjske odlo\u010ditve in poti.<\/li>\n<\/ul>\n\n\n\n<figure class=\"wp-block-image size-full\"><img loading=\"lazy\" decoding=\"async\" width=\"900\" height=\"900\" src=\"https:\/\/izdelki.zora-aurora.com\/wp-content\/uploads\/2025\/09\/sodalit2.webp\" alt=\"\" class=\"wp-image-605\" srcset=\"https:\/\/izdelki.zora-aurora.com\/wp-content\/uploads\/2025\/09\/sodalit2.webp 900w, https:\/\/izdelki.zora-aurora.com\/wp-content\/uploads\/2025\/09\/sodalit2-300x300.webp 300w, https:\/\/izdelki.zora-aurora.com\/wp-content\/uploads\/2025\/09\/sodalit2-150x150.webp 150w, https:\/\/izdelki.zora-aurora.com\/wp-content\/uploads\/2025\/09\/sodalit2-768x768.webp 768w\" sizes=\"auto, (max-width: 900px) 100vw, 900px\" \/><figcaption class=\"wp-element-caption\">Bru\u0161en sodalit, vir: hoofandpawuk.com<\/figcaption><\/figure>\n","protected":false},"excerpt":{"rendered":"<p>Intuicija, jasno razmi\u0161ljanje in notranja resnicaSodalit je kamen modrosti, intuicije in notranje resnice. Njegova globoko modra barva s subtilnimi belimi \u017eilami prina\u0161a ob\u010dutek jasnosti, koncentracije in notranje discipline. Sodalit pomaga uravnavati misli, izbolj\u0161uje komunikacijo in spodbuja iskrenost do sebe in drugih. Vpliv na telo Vpliv na \u010dustva Vpliv na du\u0161o<\/p>\n","protected":false},"author":1,"featured_media":0,"parent":0,"menu_order":0,"comment_status":"closed","ping_status":"closed","template":"","meta":{"om_disable_all_campaigns":false,"_monsterinsights_skip_tracking":false,"_monsterinsights_sitenote_active":false,"_monsterinsights_sitenote_note":"","_monsterinsights_sitenote_category":0,"footnotes":""},"class_list":["post-567","page","type-page","status-publish","hentry"],"jetpack_sharing_enabled":true,"_links":{"self":[{"href":"https:\/\/izdelki.zora-aurora.com\/index.php?rest_route=\/wp\/v2\/pages\/567","targetHints":{"allow":["GET"]}}],"collection":[{"href":"https:\/\/izdelki.zora-aurora.com\/index.php?rest_route=\/wp\/v2\/pages"}],"about":[{"href":"https:\/\/izdelki.zora-aurora.com\/index.php?rest_route=\/wp\/v2\/types\/page"}],"author":[{"embeddable":true,"href":"https:\/\/izdelki.zora-aurora.com\/index.php?rest_route=\/wp\/v2\/users\/1"}],"replies":[{"embeddable":true,"href":"https:\/\/izdelki.zora-aurora.com\/index.php?rest_route=%2Fwp%2Fv2%2Fcomments&post=567"}],"version-history":[{"count":1,"href":"https:\/\/izdelki.zora-aurora.com\/index.php?rest_route=\/wp\/v2\/pages\/567\/revisions"}],"predecessor-version":[{"id":606,"href":"https:\/\/izdelki.zora-aurora.com\/index.php?rest_route=\/wp\/v2\/pages\/567\/revisions\/606"}],"wp:attachment":[{"href":"https:\/\/izdelki.zora-aurora.com\/index.php?rest_route=%2Fwp%2Fv2%2Fmedia&parent=567"}],"curies":[{"name":"wp","href":"https:\/\/api.w.org\/{rel}","templated":true}]}}