{"id":562,"date":"2025-09-15T14:50:38","date_gmt":"2025-09-15T14:50:38","guid":{"rendered":"https:\/\/izdelki.zora-aurora.com\/?page_id=562"},"modified":"2025-09-15T14:50:38","modified_gmt":"2025-09-15T14:50:38","slug":"malahit","status":"publish","type":"page","link":"https:\/\/izdelki.zora-aurora.com\/?page_id=562","title":{"rendered":"Malahit"},"content":{"rendered":"\n<p><strong>Za\u0161\u010dita, transformacija in \u010dustveno ravnovesje<\/strong><br>Malahit je kamen transformacije in za\u0161\u010dite. Njegova globoko zelena barva s zna\u010dilnimi vzorci prina\u0161a ob\u010dutek varnosti, mo\u010di in notranjega ravnovesja. Malahit pomaga odstranjevati negativne energije, \u010dustvene blokade in staro karmo, hkrati pa spodbuja rast, spremembe in osebni razvoj.<\/p>\n\n\n\n<figure class=\"wp-block-image size-large\"><img loading=\"lazy\" decoding=\"async\" width=\"1024\" height=\"683\" src=\"https:\/\/izdelki.zora-aurora.com\/wp-content\/uploads\/2025\/09\/malahit1-1024x683.jpg\" alt=\"\" class=\"wp-image-592\" srcset=\"https:\/\/izdelki.zora-aurora.com\/wp-content\/uploads\/2025\/09\/malahit1-1024x683.jpg 1024w, https:\/\/izdelki.zora-aurora.com\/wp-content\/uploads\/2025\/09\/malahit1-300x200.jpg 300w, https:\/\/izdelki.zora-aurora.com\/wp-content\/uploads\/2025\/09\/malahit1-768x512.jpg 768w, https:\/\/izdelki.zora-aurora.com\/wp-content\/uploads\/2025\/09\/malahit1-1536x1024.jpg 1536w, https:\/\/izdelki.zora-aurora.com\/wp-content\/uploads\/2025\/09\/malahit1.jpg 1920w\" sizes=\"auto, (max-width: 1024px) 100vw, 1024px\" \/><figcaption class=\"wp-element-caption\">Naraven malahit, vir: Wikipedia<\/figcaption><\/figure>\n\n\n\n<h3 class=\"wp-block-heading\">Vpliv na telo<\/h3>\n\n\n\n<ul class=\"wp-block-list\">\n<li>Podpira zdravje srca, jeter in ledvic.<\/li>\n\n\n\n<li>Krepi imunski sistem in energijo telesa.<\/li>\n\n\n\n<li>Uporablja se za laj\u0161anje bole\u010din v mi\u0161icah in sklepih.<\/li>\n\n\n\n<li>Spodbuja regeneracijo in uravnote\u017eenje telesnih funkcij.<\/li>\n<\/ul>\n\n\n\n<h3 class=\"wp-block-heading\">Vpliv na \u010dustva<\/h3>\n\n\n\n<ul class=\"wp-block-list\">\n<li>Pomaga sprostiti \u010dustvene blokade in strahove.<\/li>\n\n\n\n<li>Laj\u0161a stres, tesnobo in notranjo napetost.<\/li>\n\n\n\n<li>Pove\u010duje samozavest, ob\u010dutek varnosti in notranje mo\u010di.<\/li>\n\n\n\n<li>Spodbuja zavedanje lastnih \u010dustev in sprejemanje sprememb.<\/li>\n<\/ul>\n\n\n\n<h3 class=\"wp-block-heading\">Vpliv na du\u0161o<\/h3>\n\n\n\n<ul class=\"wp-block-list\">\n<li>\u0160\u010diti pred negativnimi vplivi in energijami.<\/li>\n\n\n\n<li>Podpira duhovno rast in osebno transformacijo.<\/li>\n\n\n\n<li>Omogo\u010da jasnej\u0161e razumevanje \u017eivljenjskih lekcij in poti.<\/li>\n\n\n\n<li>Malahit deluje kot vodi\u010d pri spremembah in pomaga najti notranjo harmonijo.<\/li>\n<\/ul>\n\n\n\n<figure class=\"wp-block-image size-large\"><img loading=\"lazy\" decoding=\"async\" width=\"1024\" height=\"1024\" src=\"https:\/\/izdelki.zora-aurora.com\/wp-content\/uploads\/2025\/09\/malahit2-1024x1024.webp\" alt=\"\" class=\"wp-image-593\" srcset=\"https:\/\/izdelki.zora-aurora.com\/wp-content\/uploads\/2025\/09\/malahit2-1024x1024.webp 1024w, https:\/\/izdelki.zora-aurora.com\/wp-content\/uploads\/2025\/09\/malahit2-300x300.webp 300w, https:\/\/izdelki.zora-aurora.com\/wp-content\/uploads\/2025\/09\/malahit2-150x150.webp 150w, https:\/\/izdelki.zora-aurora.com\/wp-content\/uploads\/2025\/09\/malahit2-768x768.webp 768w, https:\/\/izdelki.zora-aurora.com\/wp-content\/uploads\/2025\/09\/malahit2-1536x1536.webp 1536w, https:\/\/izdelki.zora-aurora.com\/wp-content\/uploads\/2025\/09\/malahit2.webp 1920w\" sizes=\"auto, (max-width: 1024px) 100vw, 1024px\" \/><figcaption class=\"wp-element-caption\">Bru\u0161en malahit, vir: themineralmaven.com<\/figcaption><\/figure>\n\n\n\n<p><\/p>\n","protected":false},"excerpt":{"rendered":"<p>Za\u0161\u010dita, transformacija in \u010dustveno ravnovesjeMalahit je kamen transformacije in za\u0161\u010dite. Njegova globoko zelena barva s zna\u010dilnimi vzorci prina\u0161a ob\u010dutek varnosti, mo\u010di in notranjega ravnovesja. Malahit pomaga odstranjevati negativne energije, \u010dustvene blokade in staro karmo, hkrati pa spodbuja rast, spremembe in osebni razvoj. Vpliv na telo Vpliv na \u010dustva Vpliv na du\u0161o<\/p>\n","protected":false},"author":1,"featured_media":0,"parent":0,"menu_order":0,"comment_status":"closed","ping_status":"closed","template":"","meta":{"om_disable_all_campaigns":false,"_monsterinsights_skip_tracking":false,"_monsterinsights_sitenote_active":false,"_monsterinsights_sitenote_note":"","_monsterinsights_sitenote_category":0,"footnotes":""},"class_list":["post-562","page","type-page","status-publish","hentry"],"jetpack_sharing_enabled":true,"_links":{"self":[{"href":"https:\/\/izdelki.zora-aurora.com\/index.php?rest_route=\/wp\/v2\/pages\/562","targetHints":{"allow":["GET"]}}],"collection":[{"href":"https:\/\/izdelki.zora-aurora.com\/index.php?rest_route=\/wp\/v2\/pages"}],"about":[{"href":"https:\/\/izdelki.zora-aurora.com\/index.php?rest_route=\/wp\/v2\/types\/page"}],"author":[{"embeddable":true,"href":"https:\/\/izdelki.zora-aurora.com\/index.php?rest_route=\/wp\/v2\/users\/1"}],"replies":[{"embeddable":true,"href":"https:\/\/izdelki.zora-aurora.com\/index.php?rest_route=%2Fwp%2Fv2%2Fcomments&post=562"}],"version-history":[{"count":1,"href":"https:\/\/izdelki.zora-aurora.com\/index.php?rest_route=\/wp\/v2\/pages\/562\/revisions"}],"predecessor-version":[{"id":594,"href":"https:\/\/izdelki.zora-aurora.com\/index.php?rest_route=\/wp\/v2\/pages\/562\/revisions\/594"}],"wp:attachment":[{"href":"https:\/\/izdelki.zora-aurora.com\/index.php?rest_route=%2Fwp%2Fv2%2Fmedia&parent=562"}],"curies":[{"name":"wp","href":"https:\/\/api.w.org\/{rel}","templated":true}]}}