{"id":471,"date":"2023-06-16T11:17:21","date_gmt":"2023-06-16T11:17:21","guid":{"rendered":"https:\/\/izdelki.zora-aurora.com\/?page_id=471"},"modified":"2023-06-26T13:04:32","modified_gmt":"2023-06-26T13:04:32","slug":"izdelki-iz-smolnika","status":"publish","type":"page","link":"https:\/\/izdelki.zora-aurora.com\/?page_id=471","title":{"rendered":"Izdelki iz smolnika (\u010drnega olja)"},"content":{"rendered":"\n<p>\u010crno olje ali smolnik je bil v\u010dasih v Zgornjesavinjski dolini najbolj popularno doma\u010de zdravilo, pribli\u017eno tako kot danes v sodobni medicini antibiotik. Z njim si zdravili prakti\u010dno vse zunanje te\u017eave, omejeno pa so ga u\u017eivali tudi za odpravo notranjih parazitov. \u010crno olje je destilacijski produkt smole iglavcev z gosto konsistenco in specifi\u010dno mo\u010dnim vonjem.<\/p>\n\n\n\n<p>V Zgornjesavinjski dolini je eno zadnjih ohranjenih \u0161e \u017eivih izro\u010dil izdelave \u010drnega olja pri nas. O tem sta strokovnjaka <a href=\"https:\/\/www.facebook.com\/groups\/970587027461491\/user\/100029868311234\/?__cft__[0]=AZUfuWw2-bFbKF4KqnN2T5zl6k4wTcaP9DYaApyucGNwS5EnAnNEHZXWR8vCOt2zGZ48L9G65KwCUl2H1R9D_ZRiva4mcuzgazoUu9xqdPCM3e3a3gu_pq2XR1bZfC3ciCHowQ13vlNfr-tDSxRGct7_hH8cw-ftFHri-Gc0EB6llFZincfsDDy2ePdB1EjoYSQ&amp;__tn__=-]K-R\">Aleksander O\u0161ep<\/a> in njegov o\u010de \u0160tefan, ki mu je predal izro\u010dilo izdelave njegov o\u010de, ta pa ga je dobil od svojega o\u010deta in tako nazaj&#8230;<\/p>\n\n\n\n<p>Namenjen je predvsem za zunanjo uporabo, tako \u017eivali kot ljudi. Z njim se zdravijo stare rane, ki se no\u010dejo zaceliti, pa tudi druge tegobe na ko\u017ei (npr.: prhljaj, dermatitis, luskavica, glivice&#8230;).<\/p>\n\n\n\n<p><a href=\"https:\/\/izdelki.zora-aurora.com\/?page_id=470\" data-type=\"page\" data-id=\"470\">Smolnikova negovalna krema<\/a><\/p>\n\n\n\n<figure class=\"wp-block-image size-large\"><img loading=\"lazy\" decoding=\"async\" width=\"768\" height=\"1024\" src=\"https:\/\/izdelki.zora-aurora.com\/wp-content\/uploads\/2023\/06\/351113899_822373439305158_1523326272279837203_n-768x1024.jpg\" alt=\"\" class=\"wp-image-472\" srcset=\"https:\/\/izdelki.zora-aurora.com\/wp-content\/uploads\/2023\/06\/351113899_822373439305158_1523326272279837203_n-768x1024.jpg 768w, https:\/\/izdelki.zora-aurora.com\/wp-content\/uploads\/2023\/06\/351113899_822373439305158_1523326272279837203_n-225x300.jpg 225w, https:\/\/izdelki.zora-aurora.com\/wp-content\/uploads\/2023\/06\/351113899_822373439305158_1523326272279837203_n-1152x1536.jpg 1152w, https:\/\/izdelki.zora-aurora.com\/wp-content\/uploads\/2023\/06\/351113899_822373439305158_1523326272279837203_n.jpg 1536w\" sizes=\"auto, (max-width: 768px) 100vw, 768px\" \/><\/figure>\n","protected":false},"excerpt":{"rendered":"<p>\u010crno olje ali smolnik je bil v\u010dasih v Zgornjesavinjski dolini najbolj popularno doma\u010de zdravilo, pribli\u017eno tako kot danes v sodobni medicini antibiotik. Z njim si zdravili prakti\u010dno vse zunanje te\u017eave, omejeno pa so ga u\u017eivali tudi za odpravo notranjih parazitov. \u010crno olje je destilacijski produkt smole iglavcev z gosto konsistenco in specifi\u010dno mo\u010dnim vonjem. V [&hellip;]<\/p>\n","protected":false},"author":1,"featured_media":0,"parent":0,"menu_order":0,"comment_status":"closed","ping_status":"closed","template":"","meta":{"om_disable_all_campaigns":false,"_monsterinsights_skip_tracking":false,"_monsterinsights_sitenote_active":false,"_monsterinsights_sitenote_note":"","_monsterinsights_sitenote_category":0,"footnotes":""},"class_list":["post-471","page","type-page","status-publish","hentry"],"jetpack_sharing_enabled":true,"_links":{"self":[{"href":"https:\/\/izdelki.zora-aurora.com\/index.php?rest_route=\/wp\/v2\/pages\/471","targetHints":{"allow":["GET"]}}],"collection":[{"href":"https:\/\/izdelki.zora-aurora.com\/index.php?rest_route=\/wp\/v2\/pages"}],"about":[{"href":"https:\/\/izdelki.zora-aurora.com\/index.php?rest_route=\/wp\/v2\/types\/page"}],"author":[{"embeddable":true,"href":"https:\/\/izdelki.zora-aurora.com\/index.php?rest_route=\/wp\/v2\/users\/1"}],"replies":[{"embeddable":true,"href":"https:\/\/izdelki.zora-aurora.com\/index.php?rest_route=%2Fwp%2Fv2%2Fcomments&post=471"}],"version-history":[{"count":3,"href":"https:\/\/izdelki.zora-aurora.com\/index.php?rest_route=\/wp\/v2\/pages\/471\/revisions"}],"predecessor-version":[{"id":488,"href":"https:\/\/izdelki.zora-aurora.com\/index.php?rest_route=\/wp\/v2\/pages\/471\/revisions\/488"}],"wp:attachment":[{"href":"https:\/\/izdelki.zora-aurora.com\/index.php?rest_route=%2Fwp%2Fv2%2Fmedia&parent=471"}],"curies":[{"name":"wp","href":"https:\/\/api.w.org\/{rel}","templated":true}]}}